 f = -l + z. List the prime factors of l.
2, 5
Let a = 35 - -40176. List the prime factors of a.
79, 509
Let u(h) = -12998*h - 3255. List the prime factors of u(-4).
13, 23, 163
Let q(c) = -5301*c**3 - 9*c**2 - 12*c - 2. What are the prime factors of q(-1)?
2, 11, 241
Let s(f) = 2*f**3 - 21*f**2 - 44*f + 423. What are the prime factors of s(18)?
3, 499
Suppose -4*q + 5*x = -3982, -2991 = -3*q - 0*x + 3*x. List the prime factors of q.
17, 59
What are the prime factors of (-28)/((-9520)/4539660) - (-2)/34?
2, 1669
Let m(x) = 5*x**2 + 2*x + 1888. Let h be m(0). Suppose 3*c - 5*s + s = h, 4*s = 8. List the prime factors of c.
2, 79
Let u(w) = -3*w**3 + w**2 - 16*w - 18. Let j be u(-1). Let z be (-2)/9 - 1822/(-18). Let b = z - j. List the prime factors of b.
3, 11
List the prime factors of -19 - -1 - (-8318914)/194.
42863
Let j = -11688 - -30964. List the prime factors of j.
2, 61, 79
List the prime factors of (507/4)/((-9375)/(-520) - 18).
2, 13
Suppose 75 = -6*v + 105. Let l = 1667 - 867. Suppose 9*b - v*b - l = 0. What are the prime factors of b?
2, 5
Suppose -8*u + 7089 = -2687. List the prime factors of u.
2, 13, 47
Suppose 3*g + 2*g = 5*b + 2150, -2*g + 872 = -5*b. What are the prime factors of g?
2, 3, 71
Let x(q) = 78*q**3 - 4*q**2 - 8*q - 28. What are the prime factors of x(5)?
2, 3, 1597
Let j(i) = 39*i**2 - 7*i**2 - 6 - 3 - i - 12. What are the prime factors of j(-7)?
2, 3, 7, 37
What are the prime factors of 2357/(-4 + 87/21)?
7, 2357
Suppose -2*l + 4*l + 18 = 0. Let p = l - -15. List the prime factors of p/10*(69 + -14).
3, 11
Let d = 415 - 285. Suppose -3*j + d = 10. Let n = 34 + j. List the prime factors of n.
2, 37
Suppose -24*j + 2*p + 726 = -19*j, -2*j + 285 = p. What are the prime factors of (-1808)/3*j/(-96)?
2, 113
Let b(f) = -1198*f**3 + 15*f**2 + 22*f. What are the prime factors of b(-2)?
2, 3, 5
Let f = -677 - -673. What are the prime factors of f/(-6)*4308/8 - -1?
2, 3, 5
Let d(w) = -w**3 - 15*w**2 - 69*w + 5. Let j = 621 - 633. List the prime factors of d(j).
401
Suppose 0 = -3*u + 19*u + 8*u - 726600. List the prime factors of u.
5, 7, 173
Let s(d) = 2*d**3 - 7*d**2 - 1. Let w be s(5). Suppose 0 = 3*z - 2*g + 19 - 245, w = z - g. Suppose 5*b = z + 2. What are the prime factors of b?
2
Let k = -90 - -192. What are the prime factors of 667/58*(0 + 1*k)?
3, 17, 23
Suppose 4*p - 6*p = -16. Suppose -4*i + 0*i + p = -3*z, 3*z - 32 = -4*i. Suppose -z*t + 508 = -0*t. What are the prime factors of t?
127
Let j(p) = -1075*p**3 - 2*p**2 + 1. Let r be j(-1). Suppose -4*o = -10*o - r. List the prime factors of 2/10 + o/(-5).
2, 3
Let r = -705 - -704. List the prime factors of (-5 + -10 - -1465)*(0 - r).
2, 5, 29
Let u(a) = 19 - 7*a + 10*a**2 + 19 - 45. List the prime factors of u(6).
311
Suppose -583*r = -587*r + b + 223340, 2*b = 3*r - 167505. List the prime factors of r.
5, 13, 859
List the prime factors of (27753/2)/(243/324).
2, 11, 29
Let r(h) = h - 1. Let q be r(5). What are the prime factors of (58/q)/(1/50*5)?
5, 29
Suppose 0 = -9*d + 12*d + 3. What are the prime factors of d/(8/(-5988))*(-4)/(-6)?
499
Suppose -297097 - 397476 = -27*b + 28703. What are the prime factors of b?
2, 37, 181
Let b(l) = -4*l**3 - l**2 + 2*l + 3. Let k be b(0). Suppose -k*o + 1035 = -1893. List the prime factors of o.
2, 61
Let x(j) = -j**3 - 82*j**2 - 44*j - 417. List the prime factors of x(-85).
2, 29, 431
Let g(q) = 3*q**2 + 74*q + 41. List the prime factors of g(48).
5, 11, 191
Suppose -5*a = 4*b + 3 - 59, 2*b - 4*a = 28. Suppose -26026 = -b*k - 12*k. List the prime factors of k.
7, 11, 13
Suppose -4*j - 2*t = -5*t + 7, 3*t - 23 = -4*j. Suppose -j*o - 5*n + 350 = 0, 2*o + 2*n - 344 = -0*o. What are the prime factors of o?
2, 5, 17
Let t(k) be the first derivative of -k**4/4 + 23*k**3/3 - 23*k**2/2 - 53*k + 11. List the prime factors of t(20).
3, 229
Let g(s) = 12*s**2 + 80*s - 643. List the prime factors of g(28).
5, 31, 71
Let y be 1/6 + (-5 - 587/(-6)). Let h = 379 - y. Let o = h + -114. List the prime factors of o.
2, 43
Suppose 0 = 3*k - 161*d + 164*d - 87855, -2*d = 3*k - 87858. List the prime factors of k.
2, 7, 523
Suppose -94 = -t - 87. Let p(x) = -x**3 + 22*x**2 + 17*x - 17. What are the prime factors of p(t)?
3, 31
Suppose -8948 = -6*g + 9094. Let s = -2121 + g. What are the prime factors of s?
2, 443
What are the prime factors of (1*(-104)/10)/((-330)/317625)?
2, 5, 7, 11, 13
Suppose 0 = 145*y - 3468068 + 24028. What are the prime factors of y?
2, 2969
Let d = 200 - 71. Let b = 192 - d. What are the prime factors of b?
3, 7
Let n = 53 + -50. Suppose -4*p = 11 - n. List the prime factors of -611*p/5 - 2/5.
2, 61
Let j(i) = i**3 + 114*i**2 + 441*i + 61. What are the prime factors of j(-108)?
29, 773
Let c be (2/(-8))/((-7)/28). What are the prime factors of 0/c + (247 - -7)?
2, 127
Suppose 2*u - 19 = 5. Let l(a) = -a + 12. Let v be l(u). Suppose v = -0*w - 3*w + 204. What are the prime factors of w?
2, 17
Let d(t) = -19*t - 19. Let u be d(-8). Suppose -m - 57 = -4*q + u, -828 = 4*m + q. Let f = -72 - m. What are the prime factors of f?
2, 67
Let q = 209 + -355. Suppose -x = k + 83, k = -4*x - 69 - 17. Let u = k - q. List the prime factors of u.
2
Suppose -4782 = -13*o + 45554. List the prime factors of o.
2, 11
List the prime factors of -13275*9*18/(-243).
2, 3, 5, 59
Let f(q) = 1307*q**2 - 43*q - 215. List the prime factors of f(-4).
41, 509
Suppose -109539 = -5*d - f, -3*f = 5*d + 2*f - 109555. Suppose 3*o - d = -16*o. List the prime factors of o.
1153
Let u(d) = d**2 + 15*d - 92. Let m be u(6). Let j = 212 + m. What are the prime factors of j?
2, 3, 41
Let q(k) be the third derivative of 3*k**4/4 + 20*k**3/3 + 9*k**2. Let p be q(-13). Let x = -4 - p. List the prime factors of x.
2, 5, 19
Suppose 87*r + 45594 = 73413 + 134088. What are the prime factors of r?
1861
Suppose -3*w = -4*w + 41. Let i = 45 - w. Suppose -i*r + 387 = 67. What are the prime factors of r?
2, 5
Let g(c) = -c**3 - 15*c**2 + 13*c - 25. Let j be g(-16). Suppose -4*t + 869 = -j. What are the prime factors of t?
223
Suppose 135 = 4*f - 505. List the prime factors of -3 + 6 + 3*f.
3, 7, 23
Let h = -33988 - -60797. What are the prime factors of h?
17, 19, 83
Suppose -173685 = 709*k - 741*k + 59563. What are the prime factors of k?
37, 197
Suppose 0*g = 2*g + q - 76, -4*g - 5*q + 158 = 0. Let l = g - 30. Suppose l*p = 826 + 364. What are the prime factors of p?
2, 5, 17
Let u = 10947 + -7411. Suppose -5*q + u = -2*h - h, 0 = 4*q - 3*h - 2827. What are the prime factors of q?
709
Let x(r) = r**3 - 15*r**2 + 26*r. Let w be x(13). Suppose -5*j + j - 16 = w, -109 = -3*i + 4*j. What are the prime factors of i?
31
Let g = 70 + 17. Suppose 2*y - 4*t - g = -7, -3*y + 5*t = -115. Suppose -200 = 26*r - y*r. What are the prime factors of r?
2, 5
Let w = 3335 - -7037. What are the prime factors of w?
2, 2593
Suppose 0 = 50*d - 1450033 - 352060 + 63393. List the prime factors of d.
2, 17387
Suppose 0 = -2*u + 14 + 32. Let b = u - -1. Suppose b - 88 = -4*i. List the prime factors of i.
2
Suppose 4708 - 578 = 7*b. Let f = 907 - b. List the prime factors of f.
317
Let n be -12*(-6 - (1 - 4)). Let v = -8 + n. List the prime factors of (2619/12 - (-21)/v) + 4.
223
Suppose 0 = -2*r + 4*h + 14042, 2*h + 6129 + 7929 = 2*r. List the prime factors of r.
31, 227
Suppose -528810 = -36*i + 1844382. List the prime factors of i.
2, 3, 10987
Suppose 457*h = 369*h + 1647272. What are the prime factors of h?
18719
Let u = -220 - -223. Suppose -z + 7*n + 209 = u*n, -2*n + 746 = 4*z. List the prime factors of z.
3, 7
Let t = -20963 - -37896. What are the prime factors of t?
7, 41, 59
Let s be 570 + (-12)/((-3)/1). Suppose 0 = 4*b + 2*a - 1118, -2*b + 10*a - 8*a + s = 0. List the prime factors of b.
2, 3, 47
Let f(w) = w**3 + 5*w**2 - 2*w - 8. Let h be (-54)/10 - 4/(-10). Let q be f(h). What are the prime factors of (-84)/(1 - q) + -4?
2, 5
Let t(f) = 22*f**2 - 49*f + 2. Let o(u) = u**2 - 4*u + 1. Let z(w) = -18*o(w) + 2*t(w). What are the prime factors of z(-5)?
2, 383
Let p be ((-7)/(-21) - 2)*-141. Let w(u) = 447*u**2 - 2*u + 1. Let d be w(1). Let f = d - p. List the prime factors of f.
211
Let d = 81745 - 42486. What are the prime factors of d?
11, 43, 83
Suppose 105*l - 20 = 100*l. Suppose -14